19
What are the prime factors of 223598?
2, 111799
List the prime factors of 142164.
2, 3, 11, 359
What are the prime factors of 82497?
3, 107, 257
List the prime factors of 13504453.
53, 67, 3803
List the prime factors of 2295406.
2, 37, 31019
What are the prime factors of 47426?
2, 23, 1031
List the prime factors of 3424021.
17, 201413
List the prime factors of 8526590.
2, 5, 83, 10273
List the prime factors of 5214246.
2, 3, 19, 53, 863
List the prime factors of 4712444.
2, 11, 107101
List the prime factors of 2944306.
2, 1472153
List the prime factors of 2005149.
3, 53, 12611
What are the prime factors of 527042?
2, 263521
What are the prime factors of 341662?
2, 139, 1229
List the prime factors of 1690567.
37, 45691
List the prime factors of 626025.
3, 5, 17, 491
What are the prime factors of 140740?
2, 5, 31, 227
What are the prime factors of 14717637?
3, 11, 148663
List the prime factors of 1994249.
811, 2459
List the prime factors of 121858.
2, 11, 29, 191
What are the prime factors of 109249?
7, 15607
What are the prime factors of 8206423?
19, 23, 89, 211
What are the prime factors of 23352271?
17, 641, 2143
List the prime factors of 10017324.
2, 3, 92753
List the prime factors of 2244731.
17, 23, 5741
List the prime factors of 3094851.
3, 29, 35573
What are the prime factors of 288802?
2, 197, 733
List the prime factors of 169190.
2, 5, 7, 2417
What are the prime factors of 3358711?
821, 4091
List the prime factors of 41716.
2, 10429
List the prime factors of 4757043.
3, 31, 51151
List the prime factors of 14587614.
2, 3, 53, 1699
List the prime factors of 2274986.
2, 7, 162499
List the prime factors of 221568.
2, 3, 577
What are the prime factors of 59999?
59999
What are the prime factors of 4422224?
2, 276389
What are the prime factors of 1568287?
7, 224041
What are the prime factors of 25095?
3, 5, 7, 239
What are the prime factors of 2032959?
3, 109, 6217
List the prime factors of 139828.
2, 13, 2689
List the prime factors of 7081158.
2, 3, 7, 168599
List the prime factors of 3618984.
2, 3, 150791
List the prime factors of 558910.
2, 5, 11, 5081
What are the prime factors of 5892812?
2, 17, 19, 4561
What are the prime factors of 274510?
2, 5, 97, 283
List the prime factors of 80338.
2, 40169
What are the prime factors of 34354?
2, 89, 193
List the prime factors of 125375.
5, 17, 59
What are the prime factors of 1663970?
2, 5, 7, 11, 2161
List the prime factors of 1326619.
7, 189517
What are the prime factors of 1854882?
2, 3, 103049
List the prime factors of 11318551.
11318551
List the prime factors of 531559.
7, 75937
What are the prime factors of 38966?
2, 19483
What are the prime factors of 212525?
5, 8501
List the prime factors of 7526480.
2, 5, 13, 7237
What are the prime factors of 23533694?
2, 11766847
What are the prime factors of 84125?
5, 673
What are the prime factors of 498734?
2, 249367
What are the prime factors of 413521?
413521
List the prime factors of 271351.
271351
List the prime factors of 1282937.
19, 67523
What are the prime factors of 30744294?
2, 3, 7, 829, 883
What are the prime factors of 21474?
2, 3, 1193
List the prime factors of 233250.
2, 3, 5, 311
What are the prime factors of 596789?
596789
List the prime factors of 433711.
23, 109, 173
What are the prime factors of 3748306?
2, 1874153
What are the prime factors of 1865592?
2, 3, 2879
List the prime factors of 7476998.
2, 127, 29437
What are the prime factors of 217394?
2, 73, 1489
What are the prime factors of 257750?
2, 5, 1031
List the prime factors of 5902564.
2, 79, 18679
List the prime factors of 838388.
2, 209597
List the prime factors of 7190314.
2, 61, 58937
What are the prime factors of 4453953?
3, 7, 41, 739
What are the prime factors of 137750?
2, 5, 19, 29
What are the prime factors of 6259?
11, 569
What are the prime factors of 232587?
3, 43, 601
What are the prime factors of 864241?
7, 331, 373
List the prime factors of 3522772.
2, 11, 23, 59
List the prime factors of 9271078.
2, 53, 149, 587
What are the prime factors of 1374370?
2, 5, 137437
List the prime factors of 16375622.
2, 53, 154487
List the prime factors of 198734.
2, 99367
List the prime factors of 11168.
2, 349
What are the prime factors of 921593?
887, 1039
What are the prime factors of 18779915?
5, 7, 11, 48779
What are the prime factors of 6944248?
2, 31, 28001
List the prime factors of 21007900.
2, 5, 421, 499
List the prime factors of 27772846.
2, 97, 143159
What are the prime factors of 633586?
2, 316793
What are the prime factors of 7173345?
3, 5, 73, 6551
What are the prime factors of 1214065?
5, 242813
What are the prime factors of 25264674?
2, 3, 79, 109, 163
What are the prime factors of 1141901?
1141901
List the prime factors of 24178963.
19, 1272577
List the prime factors of 388434.
2, 3, 41, 1579
List the prime factors of 817411.
7, 17, 6869
What are the prime factors of 3525332?
2, 881333
List the prime factors of 2413300.
2, 5, 24133
List the prime factors of 385102.
2, 167, 1153
List the prime factors of 722883.
3, 7, 29, 1187
List the prime factors of 738059.
7, 105437
List the prime factors of 1898974.
2, 7, 11, 19, 59
List the prime factors of 6364743.
3, 7, 11, 59, 467
List the prime factors of 136508.
2, 34127
List the prime factors of 242040.
2, 3, 5, 2017
List the prime factors of 209851.
209851
What are the prime factors of 374474?
2, 187237
What are the prime factors of 332535?
3, 5, 7, 3167
List the prime factors of 952537.
31, 30727
List the prime factors of 206237.
206237
What are the prime factors of 3296051?
11, 109, 2749
What are the prime factors of 1936378?
2, 239, 4051
What are the prime factors of 2228190?
2, 3, 5, 17, 257
List the prime factors of 7015346.
2, 13, 41, 6581
What are the prime factors of 397419?
3, 11, 12043
What are the prime factors of 1412337?
3, 470779
What are the prime factors of 127678?
2, 63839
What are the prime factors of 2212002?
2, 3, 13, 23, 137
List the prime factors of 82421.
82421
What are the prime factors of 257596?
2, 64399
List the prime factors of 225624.
2, 3, 7, 17, 79
What are the prime factors of 427342?
2, 73, 2927
List the prime factors of 4129787.
4129787
What are the prime factors of 931656?
2, 3, 11, 3529
List the prime factors of 3234124.
2, 283, 2857
List the prime factors of 1384956.
2, 3, 17, 31, 73
What are the prime factors of 259636?
2, 13, 4993
List the prime factors of 439065.
3, 5, 11, 887
List the prime factors of 195255.
3, 5, 4339
What are the prime factors of 108364?
2, 27091
List the prime factors of 12103813.
17, 137, 5197
List the prime factors of 9172808.
2, 271, 4231
What are the prime factors of 1685349?
3, 271, 691
What are the prime factors of 2682857?
19, 337, 419
What are the prime factors of 8898871?
17, 523463
What are the prime factors of 988936?
2, 13, 37, 257
List the prime factors of 121418.
2, 11, 5519
List the prime factors of 459266.
2, 277, 829
List the prime factors of 562562.
2, 7, 11, 13, 281
List the prime factors of 676784.
2, 42299
List the prime factors of 633062.
2, 316531
What are the prime factors of 191721?
3, 63907
What are the prime factors of 1582515?
3, 5, 11, 23, 139
List the prime factors of 969038.
2, 7, 19, 3643
List the prime factors of 1386278.
2, 19, 191
List the prime factors of 277059.
3, 92353
List the prime factors of 664702.
2, 31, 71, 151
List the prime factors of 1675349.
13, 128873
What are the prime factors of 7433381?
7433381
List the prime factors of 235746.
2, 3, 7, 1871
List the prime factors of 495016.
2, 43, 1439
What are the prime factors of 522347?
7, 71, 1051
What are the prime factors of 96816?
2, 3, 2017
What are the prime factors of 458931?
3, 11, 13907
What are the prime factors of 10585368?
2, 3, 79, 1861
List the prime factors of 428479.
109, 3931
What are the prime factors of 713798?
2, 173, 2063
What are the prime factors of 8095043?
11, 17, 73, 593
List the prime factors of 6235962.
2, 3, 1039327
What are the prime factors of 2136581?
1223, 1747
List the prime factors of 2852472.
2, 3, 7, 16979
What are the prime factors of 845922?
2, 3, 7, 11, 1831
List the prime factors of 1908849.
3, 636283
List the prime factors of 23772.
2, 3, 7, 283
What are the prime factors of 385345?
5, 77069
List the prime facto